u a composite number?
False
Suppose -2*v - 7789 + 36275 = 0. Is v prime?
True
Suppose 4*g - 3*g + 12 = d, 0 = 3*d - 9. Let v be (-20649)/(-9) + (-6)/g. Suppose 3*l + 4*f - v = 0, 5*f = -4*l + 2853 + 206. Is l composite?
False
Let l = 166779 - 75622. Is l prime?
False
Let t = 10348 - -227029. Is t a composite number?
True
Suppose 117*u - 26708 = -32037 + 1632448. Is u a prime number?
True
Suppose -4*d - 808 = 4*c, 2*d + 282 = 4*c - 128. Let p = 378 + 42. Let q = p + d. Is q composite?
True
Suppose -20552 = -53*u + 60*u. Let q = u + 8887. Is q a composite number?
True
Let w be 8710724/176 - 6/8. Suppose -12*i = -8*i - w. Is i composite?
False
Suppose 5 = -2*k + 5. Is 2/(k + 10/3155) prime?
True
Is -5741*((-6)/15 - (-99)/(-15)) prime?
False
Suppose 80*j - 106472200 = -141*j + 21*j. Is j prime?
False
Let p(d) = -16*d**3 - 25*d**2 - 27*d - 5. Let q be p(-12). Suppose -q - 19243 = -5*i + 4*g, -3*i - 2*g = -26188. Is i composite?
True
Let a = 278 + -278. Suppose -5*l + 104 + 586 = 0. Suppose 4*h - 178 - l = a. Is h composite?
False
Suppose 3*f - 225790 = 23*v - 28*v, 3*f + 225820 = 5*v. Is v composite?
False
Suppose -2*k + 5990 = 3*q, 8*q - 5*k + 3986 = 10*q. Suppose -4*c + 7*c = 5*r + 8886, 0 = -3*c + 4*r + 8883. Suppose 5*m - q = c. Is m prime?
True
Let l(q) = q**2 + 331*q + 34667. Is l(0) composite?
False
Let s = -1903 + 3245. Let b = s + -855. Is b prime?
True
Suppose 5*a - 503225 = 9*w - 5*w, 5*a - 3*w - 503230 = 0. Is a composite?
False
Let o(h) = h**3 - h - 3. Let k be (5/(5/(-2)))/(-1). Let p be o(k). Suppose 20 = 5*u, -p*t = t + 2*u - 1588. Is t a composite number?
True
Let m(c) = -17 - 31*c + 64*c**2 + 2*c + 64*c**2 + 14*c**2 - 28*c**2. Is m(22) a composite number?
False
Suppose 5*l = d - 198229, 4*l + 537846 = -7*d + 1925605. Is d a composite number?
True
Let h(k) = 2*k**2 + 10*k + 5. Suppose -2*r - 32 + 2 = 5*w, -2*w - 26 = -2*r. Let c be h(w). Let f = -34 + c. Is f a prime number?
True
Let k = -49025 + 122962. Suppose 3*n - k = -2*d, -2*n - 47920 = -d - 10941. Is d composite?
False
Let v be 3 + -31 - 4/2. Let z be (2/3)/(20/v). Is 11*(-3 - 20)*z a prime number?
False
Let i(o) = 3525*o**2 + 27*o - 131. Is i(11) a prime number?
True
Let c(n) = 184*n**2 - 6*n + 10. Let w be c(2). Is (-5)/(15/9)*w/(-6) a prime number?
True
Let b = -156 - 381. Let y = b - -968. Is y a composite number?
False
Let m be 159/51 - (-6)/(-51). Suppose -g + 3 + 8 = m*f, 5*g - f - 7 = 0. Suppose -g*b - 5*r + 19 = b, -b - 3 = 4*r. Is b a prime number?
True
Let r = 2342152 + -1162625. Is r a composite number?
False
Suppose -4*j = -4*t + 17822 - 72418, -5*t = -2*j + 27298. Is j a composite number?
False
Is ((-98493)/(-6))/(99/90 - 1) a prime number?
False
Let m be 2 - 5 - (-3 - 9). Suppose 4*a + m = 5*a. Is 75 - 3/(a/(-6)) prime?
False
Let r(i) = 18*i**2 + 47*i - 283. Let j(h) = 28*h**2 + 70*h - 424. Let y(x) = -5*j(x) + 8*r(x). Is y(5) prime?
False
Let a = -14 - -16. Suppose a*y - 28 = -20. Suppose h + 3*h + y*w = 10896, -4*h = -5*w - 10851. Is h prime?
True
Suppose 0 = 2*v - 116250 - 201304. Is v prime?
True
Let c(x) = 520*x + 7. Let u(k) = -260*k - 4. Let l(f) = 3*c(f) + 5*u(f). Let w(d) = 3*d**2 - 28*d - 29. Let m be w(-1). Is l(m) a composite number?
False
Suppose 3365378 + 2649930 = 20*q + 6*q. Is q a composite number?
True
Let m(f) = f - 160. Let w be m(0). Suppose 4*i - 11 = 5, -2*p - i + 550 = 0. Let g = p + w. Is g composite?
False
Let c(z) be the first derivative of 52*z**3/3 - z**2/2 - 14*z - 32. Is c(9) a prime number?
False
Is (-4060466)/(-18) - (-36)/(-81) prime?
True
Suppose -r - 3*x = -496018, 5*x + 2100483 = 5*r - 379707. Is r prime?
False
Let v be (-3)/(5/(-15)*-3). Is v + (-3)/9*3 - -1191 a prime number?
True
Is ((1472084/(-3))/2)/((-6)/9) a prime number?
True
Let t = -715 + 711. Is 9 - (-87824)/12 - t/(-6) composite?
True
Let m = -20 - -25. Suppose 8*q - m*q - 12 = 0. Suppose 0 = -q*w + 775 + 1813. Is w composite?
False
Let w = 2261 + 111. Is w + (-3)/12*4 a prime number?
True
Let k(i) = 32*i**3 - 3*i**2 + 2*i. Suppose -4 = 4*g, 7*b - 5*g - 15 = 2*b. Suppose 2*n - 20 = -2*j, b*j + 40 = 3*n + 7*j. Is k(n) prime?
False
Let r = -162 - 54. Let g = 653 + r. Is g prime?
False
Suppose -370*g + 27643215 + 47716193 = -2*g. Is g a prime number?
True
Let r be ((-12)/42)/(26/14 + -2). Suppose p - r*p = 41. Let g = 106 + p. Is g a prime number?
False
Let v(x) = 615*x**2 - 7. Let n be v(-5). Let f = n - 9729. Is f prime?
True
Suppose -3*a + 5*s = -9, 0 = 2*s - 0*s. Suppose 2*n - i - 8163 = -2*i, 0 = -n + a*i + 4092. Is n a prime number?
False
Let j(s) = -s**3 + 10*s**2 + 12*s - 5. Let l(y) = -2*y**3 - 18*y**2 + y + 20. Let d be l(-9). Let x be j(d). Let f(r) = 1191*r + 5. Is f(x) a composite number?
False
Let q be (-111)/(-12) + (-2)/8. Suppose -2*a + q = i + 2*i, -i = 2*a - 3. Suppose -3*z - g = 4*g - 6999, z - 3*g - 2333 = a. Is z prime?
True
Let f be (6 - 5)*(-2 - (-21 + 1)). Suppose -5*o - 92 = 4*v - 0*o, -2*o + 10 = -v. Is v/81 - (-3334)/f a prime number?
False
Let g = 69 - 66. Suppose 6*y = 2*y + 56404. Suppose 2 - 5 = 3*p, -g*h + y = 2*p. Is h composite?
True
Suppose -6*z - 5*d - 10 = -7*z, 0 = -3*z + 2*d + 17. Let h(g) = g**3 - 7*g**2 + 12*g - 10. Let t be h(z). Is 0 - t/(-6 + 3) - -2017 a composite number?
False
Let k(j) = 476*j**2 - 65*j - 1652. Is k(-23) composite?
True
Suppose 0 = -2*x + 2*j + 5967 - 2253, -3*x + 4*j = -5571. Suppose 0 = -3*b + 19 - 1. Is (-10)/(-15)*3*x/b composite?
False
Suppose 19*p - 23*p + 2*n = -42268, -5*p + n + 52841 = 0. Suppose m + 5*o = p, -o + 5*o - 10573 = -m. Is m a prime number?
True
Let r = 185 + -166. Let k(u) = 9*u**2 - 7*u + 47. Is k(r) a composite number?
False
Is (-9 - (-38286504)/84) + 2/7 a prime number?
True
Suppose -3*n + 1101268 = -l - 341666, -2*n - 2*l = -961964. Is n a composite number?
False
Suppose -89725121 = 57*p - 250*p. Is p composite?
False
Suppose 2*u + 2*n = -16, 2*u - 4*u + 4*n = 4. Let s(z) be the second derivative of -3*z**3/2 - 17*z**2/2 + 40*z. Is s(u) a prime number?
True
Let d(z) = -113*z + 36. Let m be d(-6). Suppose 4*c - 3610 = m. Is c composite?
True
Let v = 533764 - 292823. Is v prime?
False
Let n(p) = 1230*p**2 - 11*p + 10. Let k = -264 + 265. Is n(k) a composite number?
False
Let u(y) = -3*y**3 - 29*y**2 + 18*y - 161. Let f(m) = 7*m**3 + 58*m**2 - 37*m + 323. Let o(k) = -6*f(k) - 13*u(k). Is o(-22) composite?
False
Let q = -100200 - -244967. Is q prime?
False
Suppose -84*b = 65*b + 45*b - 236980118. Is b a prime number?
False
Suppose 36457821 + 55224405 = 54*k. Is k a prime number?
False
Suppose -32*z - 302 = -152014. Is z a composite number?
True
Suppose 0 = -2*g + 5*v + 25, 3*g = v - 0*v + 5. Suppose -5*s + g*s = -3070. Suppose -t - t = -s. Is t a prime number?
True
Let d(g) = -g - 9. Let m be d(0). Let n(j) be the first derivative of 6*j**3 + 5*j**2 - 7*j - 182. Is n(m) a prime number?
True
Is (-91108)/3*9/(-6) - (1 + 0) composite?
False
Suppose -39*x = -38*x - 2711. Let s = x + 1782. Is s prime?
True
Let w = 761 + -5. Let s = -1678 + 1253. Let i = w + s. Is i composite?
False
Suppose -8*y = 14*y - 216507 - 140267. Is y a prime number?
True
Let f = -31565 - -68754. Is f composite?
False
Let c = -302 + 320. Suppose 113684 = 5*q + 3*f, 17*q - c*q + 22732 = -f. Is q prime?
False
Let q(p) = -54 - 77*p**2 + 5*p + 29*p**2 + 35*p**2 + 55*p**2 + 14. Let s = 10 - 3. Is q(s) a composite number?
False
Suppose -4*r + 4*h = -6*r + 318922, 2*h = -4*r + 637868. Suppose -26*s - 44913 = -r. Is s a composite number?
True
Let f be (-17)/170 + 372322/20. Suppose 7*p - f = -p. Is p prime?
False
Suppose -5*b = -4*r + 89, r = 2*b + 3*b + 41. Suppose -r = -3*m - m. Suppose -m*o = -7*o + 474. Is o composite?
True
Let y(s) be the third derivative of 4*s**4/3 + 3*s**3/2 + s**2 + 29*s. Is y(16) prime?
True
Let f = 628261 + -207170. Is f composite?
True
Suppose -14*y = -2110935 - 849799. Is y composite?
True
Suppose 0 = 12*f + 7*f - 29279. Suppose -4*v = -5*v + f. Is v composite?
True
Suppose 4*k - 5*j = 3540, -2*j + 958 = 2*k - 830. Is k/(12/(-2) - -8) a composite number?
True
Let m(d) = 39 - 25 - 622*d - 25. Let p be m(-3). Suppose -2*t - 3*t + p = 0. Is t a composite number?
True
Let s be 1*(-2)/(-6) + 2092/6. Let t = -94 - s. Is (t/5)/((-27)/(-15) + -2) composite?
False
Let n be 3*262/6*11 - 3. Let b